{"id":967,"date":"2024-04-12T22:07:20","date_gmt":"2024-04-12T20:07:20","guid":{"rendered":"https:\/\/presitec.pe\/?page_id=967"},"modified":"2025-02-26T20:44:22","modified_gmt":"2025-02-26T19:44:22","slug":"tolvas-de-pesaje","status":"publish","type":"page","link":"https:\/\/presitec.pe\/index.php\/tolvas-de-pesaje\/","title":{"rendered":"Tolvas de pesaje"},"content":{"rendered":"\t\t<div data-elementor-type=\"wp-page\" data-elementor-id=\"967\" class=\"elementor elementor-967\">\n\t\t\t\t<div class=\"elementor-element elementor-element-12a0248 e-con-full e-flex e-con e-parent\" data-id=\"12a0248\" data-element_type=\"container\" data-core-v316-plus=\"true\">\n\t\t\t\t<div class=\"elementor-element elementor-element-0e1ebad elementor--h-position-center elementor--v-position-middle elementor-arrows-position-inside elementor-pagination-position-inside elementor-widget elementor-widget-slides\" data-id=\"0e1ebad\" data-element_type=\"widget\" data-settings=\"{&quot;_animation&quot;:&quot;none&quot;,&quot;navigation&quot;:&quot;both&quot;,&quot;autoplay&quot;:&quot;yes&quot;,&quot;pause_on_hover&quot;:&quot;yes&quot;,&quot;pause_on_interaction&quot;:&quot;yes&quot;,&quot;autoplay_speed&quot;:5000,&quot;infinite&quot;:&quot;yes&quot;,&quot;transition&quot;:&quot;slide&quot;,&quot;transition_speed&quot;:500}\" data-widget_type=\"slides.default\">\n\t\t\t\t<div class=\"elementor-widget-container\">\n\t\t\t<style>\/*! elementor-pro - v3.6.5 - 12-04-2022 *\/\n.elementor-slides .swiper-slide-bg{background-size:cover;background-position:50%;background-repeat:no-repeat;min-width:100%;min-height:100%}.elementor-slides .swiper-slide-inner{background-repeat:no-repeat;background-position:50%;position:absolute;top:0;left:0;bottom:0;right:0;padding:50px;margin:auto}.elementor-slides .swiper-slide-inner,.elementor-slides .swiper-slide-inner:hover{color:#fff;display:-webkit-box;display:-ms-flexbox;display:flex}.elementor-slides .swiper-slide-inner .elementor-background-overlay{position:absolute;z-index:0;top:0;bottom:0;left:0;right:0}.elementor-slides .swiper-slide-inner .elementor-slide-content{position:relative;z-index:1;width:100%}.elementor-slides .swiper-slide-inner .elementor-slide-heading{font-size:35px;font-weight:700;line-height:1}.elementor-slides .swiper-slide-inner .elementor-slide-description{font-size:17px;line-height:1.4}.elementor-slides .swiper-slide-inner .elementor-slide-description:not(:last-child),.elementor-slides .swiper-slide-inner .elementor-slide-heading:not(:last-child){margin-bottom:30px}.elementor-slides .swiper-slide-inner .elementor-slide-button{border:2px solid #fff;color:#fff;background:transparent;display:inline-block}.elementor-slides .swiper-slide-inner .elementor-slide-button,.elementor-slides .swiper-slide-inner .elementor-slide-button:hover{background:transparent;color:inherit;text-decoration:none}.elementor--v-position-top .swiper-slide-inner{-webkit-box-align:start;-ms-flex-align:start;align-items:flex-start}.elementor--v-position-bottom .swiper-slide-inner{-webkit-box-align:end;-ms-flex-align:end;align-items:flex-end}.elementor--v-position-middle .swiper-slide-inner{-webkit-box-align:center;-ms-flex-align:center;align-items:center}.elementor--h-position-left .swiper-slide-inner{-webkit-box-pack:start;-ms-flex-pack:start;justify-content:flex-start}.elementor--h-position-right .swiper-slide-inner{-webkit-box-pack:end;-ms-flex-pack:end;justify-content:flex-end}.elementor--h-position-center .swiper-slide-inner{-webkit-box-pack:center;-ms-flex-pack:center;justify-content:center}body.rtl .elementor-widget-slides .elementor-swiper-button-next{left:10px;right:auto}body.rtl .elementor-widget-slides .elementor-swiper-button-prev{right:10px;left:auto}.elementor-slides-wrapper div:not(.swiper-slide)>.swiper-slide-inner{display:none}@media (max-width:767px){.elementor-slides .swiper-slide-inner{padding:30px}.elementor-slides .swiper-slide-inner .elementor-slide-heading{font-size:23px;line-height:1;margin-bottom:15px}.elementor-slides .swiper-slide-inner .elementor-slide-description{font-size:13px;line-height:1.4;margin-bottom:15px}}<\/style>\t\t<div class=\"elementor-swiper\">\n\t\t\t<div class=\"elementor-slides-wrapper elementor-main-swiper swiper-container\" dir=\"ltr\" data-animation=\"\">\n\t\t\t\t<div class=\"swiper-wrapper elementor-slides\">\n\t\t\t\t\t\t\t\t\t\t<div class=\"elementor-repeater-item-d3d9755 swiper-slide\"><div class=\"swiper-slide-bg\"><\/div><div class=\"elementor-background-overlay\"><\/div><div class=\"swiper-slide-inner\" ><div class=\"swiper-slide-contents\"><div class=\"elementor-slide-heading\">TOLVAS DE PESAJE<\/div><div class=\"elementor-slide-description\">PRECISI\u00d3N Y TECNOLOG\u00cdA CONTINUA S.A.C.<\/div><\/div><\/div><\/div>\t\t\t\t<\/div>\n\t\t\t\t\t\t\t<\/div>\n\t\t<\/div>\n\t\t\t\t<\/div>\n\t\t\t\t<\/div>\n\t\t\t\t<\/div>\n\t\t<div class=\"elementor-element elementor-element-d82be57 e-flex e-con-boxed e-con e-parent\" data-id=\"d82be57\" data-element_type=\"container\" data-core-v316-plus=\"true\">\n\t\t\t\t\t<div class=\"e-con-inner\">\n\t\t\t\t<div class=\"elementor-element elementor-element-74ee160 elementor-widget elementor-widget-heading\" data-id=\"74ee160\" data-element_type=\"widget\" data-widget_type=\"heading.default\">\n\t\t\t\t<div class=\"elementor-widget-container\">\n\t\t\t<style>\/*! elementor - v3.20.0 - 26-03-2024 *\/\n.elementor-heading-title{padding:0;margin:0;line-height:1}.elementor-widget-heading .elementor-heading-title[class*=elementor-size-]>a{color:inherit;font-size:inherit;line-height:inherit}.elementor-widget-heading .elementor-heading-title.elementor-size-small{font-size:15px}.elementor-widget-heading .elementor-heading-title.elementor-size-medium{font-size:19px}.elementor-widget-heading .elementor-heading-title.elementor-size-large{font-size:29px}.elementor-widget-heading .elementor-heading-title.elementor-size-xl{font-size:39px}.elementor-widget-heading .elementor-heading-title.elementor-size-xxl{font-size:59px}<\/style><h2 class=\"elementor-heading-title elementor-size-default\">TOLVAS DE PESAJE<\/h2>\t\t<\/div>\n\t\t\t\t<\/div>\n\t\t\t\t<div class=\"elementor-element elementor-element-ca022cb elementor-widget elementor-widget-text-editor\" data-id=\"ca022cb\" data-element_type=\"widget\" data-widget_type=\"text-editor.default\">\n\t\t\t\t<div class=\"elementor-widget-container\">\n\t\t\t<style>\/*! elementor - v3.20.0 - 26-03-2024 *\/\n.elementor-widget-text-editor.elementor-drop-cap-view-stacked .elementor-drop-cap{background-color:#69727d;color:#fff}.elementor-widget-text-editor.elementor-drop-cap-view-framed .elementor-drop-cap{color:#69727d;border:3px solid;background-color:transparent}.elementor-widget-text-editor:not(.elementor-drop-cap-view-default) .elementor-drop-cap{margin-top:8px}.elementor-widget-text-editor:not(.elementor-drop-cap-view-default) .elementor-drop-cap-letter{width:1em;height:1em}.elementor-widget-text-editor .elementor-drop-cap{float:left;text-align:center;line-height:1;font-size:50px}.elementor-widget-text-editor .elementor-drop-cap-letter{display:inline-block}<\/style>\t\t\t\t<p><strong>Exactitud: <\/strong>El peso de llenado se controla mediante sensores de alta precisi\u00f3n y la compuerta de control de flujo se acciona mediante una v\u00e1lvula de aire. Pueden proporcionar precisi\u00f3n de llenado con una productividad de alta velocidad.<\/p><p><strong>Flexibilidad: <\/strong>Dependiendo del tama\u00f1o y la altura de su f\u00e1brica, puede elegir con flexibilidad la b\u00e1scula adecuada sin temor a las limitaciones del sitio.<\/p><p><strong>Fiabilidad: <\/strong>Dise\u00f1ado para funcionamiento continuo las 24 horas del d\u00eda, los 365 d\u00edas del a\u00f1o, auque en condiciones de trabajo industriales.<\/p><p><strong>Eficiente de costo: <\/strong>La recomendamos una opci\u00f3n de pesaje de bajo costo y una soluci\u00f3n asequible de b\u00e1scula de pesaje y ensecado.<\/p>\t\t\t\t\t\t<\/div>\n\t\t\t\t<\/div>\n\t\t\t\t\t<\/div>\n\t\t\t\t<\/div>\n\t\t<div class=\"elementor-element elementor-element-4016869 e-flex e-con-boxed e-con e-parent\" data-id=\"4016869\" data-element_type=\"container\" data-core-v316-plus=\"true\">\n\t\t\t\t\t<div class=\"e-con-inner\">\n\t\t<div class=\"elementor-element elementor-element-1005677 e-con-full e-flex e-con e-child\" data-id=\"1005677\" data-element_type=\"container\">\n\t\t\t\t<div class=\"elementor-element elementor-element-874956a elementor-widget elementor-widget-image\" data-id=\"874956a\" data-element_type=\"widget\" data-widget_type=\"image.default\">\n\t\t\t\t<div class=\"elementor-widget-container\">\n\t\t\t<style>\/*! elementor - v3.20.0 - 26-03-2024 *\/\n.elementor-widget-image{text-align:center}.elementor-widget-image a{display:inline-block}.elementor-widget-image a img[src$=\".svg\"]{width:48px}.elementor-widget-image img{vertical-align:middle;display:inline-block}<\/style>\t\t\t\t\t\t\t\t\t\t<img fetchpriority=\"high\" decoding=\"async\" width=\"800\" height=\"800\" src=\"https:\/\/presitec.pe\/wp-content\/uploads\/2024\/04\/Tolvas-de-Pesaje-1.jpg\" class=\"attachment-large size-large wp-image-970\" alt=\"\" srcset=\"https:\/\/presitec.pe\/wp-content\/uploads\/2024\/04\/Tolvas-de-Pesaje-1.jpg 800w, https:\/\/presitec.pe\/wp-content\/uploads\/2024\/04\/Tolvas-de-Pesaje-1-300x300.jpg 300w, https:\/\/presitec.pe\/wp-content\/uploads\/2024\/04\/Tolvas-de-Pesaje-1-100x100.jpg 100w, https:\/\/presitec.pe\/wp-content\/uploads\/2024\/04\/Tolvas-de-Pesaje-1-600x600.jpg 600w, https:\/\/presitec.pe\/wp-content\/uploads\/2024\/04\/Tolvas-de-Pesaje-1-150x150.jpg 150w, https:\/\/presitec.pe\/wp-content\/uploads\/2024\/04\/Tolvas-de-Pesaje-1-768x768.jpg 768w\" sizes=\"(max-width: 800px) 100vw, 800px\" \/>\t\t\t\t\t\t\t\t\t\t\t\t\t<\/div>\n\t\t\t\t<\/div>\n\t\t\t\t<\/div>\n\t\t<div class=\"elementor-element elementor-element-d151730 e-con-full e-flex e-con e-child\" data-id=\"d151730\" data-element_type=\"container\">\n\t\t\t\t<div class=\"elementor-element elementor-element-e345a44 elementor-widget elementor-widget-image\" data-id=\"e345a44\" data-element_type=\"widget\" data-widget_type=\"image.default\">\n\t\t\t\t<div class=\"elementor-widget-container\">\n\t\t\t\t\t\t\t\t\t\t\t\t\t<img decoding=\"async\" width=\"800\" height=\"800\" src=\"https:\/\/presitec.pe\/wp-content\/uploads\/2024\/04\/Tolvas-de-Pesaje-2.jpg\" class=\"attachment-large size-large wp-image-971\" alt=\"\" srcset=\"https:\/\/presitec.pe\/wp-content\/uploads\/2024\/04\/Tolvas-de-Pesaje-2.jpg 800w, https:\/\/presitec.pe\/wp-content\/uploads\/2024\/04\/Tolvas-de-Pesaje-2-300x300.jpg 300w, https:\/\/presitec.pe\/wp-content\/uploads\/2024\/04\/Tolvas-de-Pesaje-2-100x100.jpg 100w, https:\/\/presitec.pe\/wp-content\/uploads\/2024\/04\/Tolvas-de-Pesaje-2-600x600.jpg 600w, https:\/\/presitec.pe\/wp-content\/uploads\/2024\/04\/Tolvas-de-Pesaje-2-150x150.jpg 150w, https:\/\/presitec.pe\/wp-content\/uploads\/2024\/04\/Tolvas-de-Pesaje-2-768x768.jpg 768w\" sizes=\"(max-width: 800px) 100vw, 800px\" \/>\t\t\t\t\t\t\t\t\t\t\t\t\t<\/div>\n\t\t\t\t<\/div>\n\t\t\t\t<\/div>\n\t\t\t\t\t<\/div>\n\t\t\t\t<\/div>\n\t\t\t\t<\/div>\n\t\t","protected":false},"excerpt":{"rendered":"<p>TOLVAS DE PESAJEPRECISI\u00d3N Y TECNOLOG\u00cdA CONTINUA S.A.C. TOLVAS DE PESAJE Exactitud: El peso de llenado se controla mediante sensores de alta precisi\u00f3n y la compuerta de control de flujo se acciona mediante una v\u00e1lvula de aire. Pueden proporcionar precisi\u00f3n de llenado con una productividad de alta velocidad. Flexibilidad: Dependiendo del tama\u00f1o y la altura de [&hellip;]<\/p>\n","protected":false},"author":1,"featured_media":0,"parent":0,"menu_order":0,"comment_status":"closed","ping_status":"closed","template":"","meta":{"footnotes":""},"_links":{"self":[{"href":"https:\/\/presitec.pe\/index.php\/wp-json\/wp\/v2\/pages\/967"}],"collection":[{"href":"https:\/\/presitec.pe\/index.php\/wp-json\/wp\/v2\/pages"}],"about":[{"href":"https:\/\/presitec.pe\/index.php\/wp-json\/wp\/v2\/types\/page"}],"author":[{"embeddable":true,"href":"https:\/\/presitec.pe\/index.php\/wp-json\/wp\/v2\/users\/1"}],"replies":[{"embeddable":true,"href":"https:\/\/presitec.pe\/index.php\/wp-json\/wp\/v2\/comments?post=967"}],"version-history":[{"count":16,"href":"https:\/\/presitec.pe\/index.php\/wp-json\/wp\/v2\/pages\/967\/revisions"}],"predecessor-version":[{"id":989,"href":"https:\/\/presitec.pe\/index.php\/wp-json\/wp\/v2\/pages\/967\/revisions\/989"}],"wp:attachment":[{"href":"https:\/\/presitec.pe\/index.php\/wp-json\/wp\/v2\/media?parent=967"}],"curies":[{"name":"wp","href":"https:\/\/api.w.org\/{rel}","templated":true}]}}