{"id":1018,"date":"2024-04-13T00:35:36","date_gmt":"2024-04-12T22:35:36","guid":{"rendered":"https:\/\/presitec.pe\/?post_type=product&#038;p=1018"},"modified":"2025-01-15T22:32:27","modified_gmt":"2025-01-15T21:32:27","slug":"indicadore-de-pesaje-t32xw","status":"publish","type":"product","link":"https:\/\/presitec.pe\/index.php\/producto\/indicadore-de-pesaje-t32xw\/","title":{"rendered":"INDICADOR DE PESAJE MARCA: OHAUS &#8211; MODELO: T32XW"},"content":{"rendered":"","protected":false},"excerpt":{"rendered":"<p align=\"justify\">El T32XW es el indicado cuando se necesita simplicidad y precisi\u00f3n en ambientes h\u00famedos o cuando es importante la capacidad de lavar a fondo la b\u00e1scula y el indicador. El indicador del armaz\u00f3n de acero inoxidable de lavado NEMA 4X\/IP65 cuenta con un software.<\/p>\n","protected":false},"featured_media":1019,"comment_status":"open","ping_status":"closed","template":"","meta":[],"product_cat":[31],"product_tag":[],"_links":{"self":[{"href":"https:\/\/presitec.pe\/index.php\/wp-json\/wp\/v2\/product\/1018"}],"collection":[{"href":"https:\/\/presitec.pe\/index.php\/wp-json\/wp\/v2\/product"}],"about":[{"href":"https:\/\/presitec.pe\/index.php\/wp-json\/wp\/v2\/types\/product"}],"replies":[{"embeddable":true,"href":"https:\/\/presitec.pe\/index.php\/wp-json\/wp\/v2\/comments?post=1018"}],"wp:featuredmedia":[{"embeddable":true,"href":"https:\/\/presitec.pe\/index.php\/wp-json\/wp\/v2\/media\/1019"}],"wp:attachment":[{"href":"https:\/\/presitec.pe\/index.php\/wp-json\/wp\/v2\/media?parent=1018"}],"wp:term":[{"taxonomy":"product_cat","embeddable":true,"href":"https:\/\/presitec.pe\/index.php\/wp-json\/wp\/v2\/product_cat?post=1018"},{"taxonomy":"product_tag","embeddable":true,"href":"https:\/\/presitec.pe\/index.php\/wp-json\/wp\/v2\/product_tag?post=1018"}],"curies":[{"name":"wp","href":"https:\/\/api.w.org\/{rel}","templated":true}]}}