{"id":1274,"date":"2024-10-02T22:55:07","date_gmt":"2024-10-02T20:55:07","guid":{"rendered":"https:\/\/presitec.pe\/?post_type=product&#038;p=1274"},"modified":"2025-01-15T22:36:35","modified_gmt":"2025-01-15T21:36:35","slug":"cabina-de-flujo-laminar-horizontal-biobase-bbs-h1300-i-bbs-h1800-i","status":"publish","type":"product","link":"https:\/\/presitec.pe\/index.php\/producto\/cabina-de-flujo-laminar-horizontal-biobase-bbs-h1300-i-bbs-h1800-i\/","title":{"rendered":"CABINA DE FLUJO LAMINAR HORIZONTAL &#8211; MARCA: BIOBASE &#8211; SERIE: BBS-H1300-I BBS-H1800-I"},"content":{"rendered":"<p><strong>Caracter\u00edsticas:<\/strong><\/p>\n<ol>\n<li>Flujo laminar horizontal, operaci\u00f3n de un solo lado.<\/li>\n<li>Hecho de material de placa de acero laminado en fr\u00edo de alta calidad, estructura de soldadura, pulverizaci\u00f3n electrost\u00e1tica de superficie, mejorando la estabilidad del gabinete.<\/li>\n<li>Equipado con prefiltro, que puede filtrar preliminarmente part\u00edculas grandes, mejorando as\u00ed la vida \u00fatil del filtro HEPA.<\/li>\n<li>La zona de trabajo est\u00e1 hecha de material SUS304, hermoso y resistente a la corrosi\u00f3n.<\/li>\n<li>Las ventanas frontales y laterales est\u00e1n hechas de vidrio templado de 5 mm de espesor.<\/li>\n<li>Dise\u00f1o de ruedas Footmaster, c\u00f3modo movimiento y fijaci\u00f3n del gabinete.<\/li>\n<li>Pantalla LCD, visualizaci\u00f3n en tiempo real del estado de funcionamiento (velocidad del aire, temporizador, tiempo de la l\u00e1mpara UV, tiempo de funcionamiento del filtro HEPA).<\/li>\n<li>Con l\u00e1mpara ultravioleta, funci\u00f3n de sincronizaci\u00f3n de cita del ventilador.<\/li>\n<li>Funci\u00f3n de conversi\u00f3n de unidades, que cambia las unidades entre PA y m\/s.<\/li>\n<li>Equipado con luz UV, luz LED, enchufes impermeables.<\/li>\n<li>Sistema de alarma perfecto:<\/li>\n<\/ol>\n<ul>\n<li>Alarma de presi\u00f3n de filtro ultra alta<\/li>\n<li>Alarma de reemplazo por falla del filtro<\/li>\n<li>Alarma de baja velocidad del viento<\/li>\n<\/ul>\n<ol start=\"12\">\n<li>Funci\u00f3n de enclavamiento: l\u00e1mpara UV y ventana frontal; l\u00e1mpara UV y ventilador, l\u00e1mpara fluorescente; ventilador y ventana frontal.<\/li>\n<\/ol>\n","protected":false},"excerpt":{"rendered":"<p>La cabina de flujo laminar horizontal es un sistema de contenci\u00f3n avanzado dise\u00f1ado para proporcionar un entorno de trabajo est\u00e9ril y libre de part\u00edculas, esencial para procedimientos de laboratorio sensibles. Esta cabina garantiza un flujo continuo de aire filtrado con HEPA en todo el espacio de trabajo, lo que protege eficazmente las muestras contra la contaminaci\u00f3n.<\/p>\n","protected":false},"featured_media":1275,"comment_status":"open","ping_status":"closed","template":"","meta":[],"product_cat":[34],"product_tag":[],"_links":{"self":[{"href":"https:\/\/presitec.pe\/index.php\/wp-json\/wp\/v2\/product\/1274"}],"collection":[{"href":"https:\/\/presitec.pe\/index.php\/wp-json\/wp\/v2\/product"}],"about":[{"href":"https:\/\/presitec.pe\/index.php\/wp-json\/wp\/v2\/types\/product"}],"replies":[{"embeddable":true,"href":"https:\/\/presitec.pe\/index.php\/wp-json\/wp\/v2\/comments?post=1274"}],"wp:featuredmedia":[{"embeddable":true,"href":"https:\/\/presitec.pe\/index.php\/wp-json\/wp\/v2\/media\/1275"}],"wp:attachment":[{"href":"https:\/\/presitec.pe\/index.php\/wp-json\/wp\/v2\/media?parent=1274"}],"wp:term":[{"taxonomy":"product_cat","embeddable":true,"href":"https:\/\/presitec.pe\/index.php\/wp-json\/wp\/v2\/product_cat?post=1274"},{"taxonomy":"product_tag","embeddable":true,"href":"https:\/\/presitec.pe\/index.php\/wp-json\/wp\/v2\/product_tag?post=1274"}],"curies":[{"name":"wp","href":"https:\/\/api.w.org\/{rel}","templated":true}]}}