{"id":1328,"date":"2024-10-04T21:57:42","date_gmt":"2024-10-04T19:57:42","guid":{"rendered":"https:\/\/presitec.pe\/?post_type=product&#038;p=1328"},"modified":"2025-01-16T15:55:12","modified_gmt":"2025-01-16T14:55:12","slug":"reactivos-para-cloro-libre-300-pruebas-hanna-instruments-hi93701-03","status":"publish","type":"product","link":"https:\/\/presitec.pe\/index.php\/producto\/reactivos-para-cloro-libre-300-pruebas-hanna-instruments-hi93701-03\/","title":{"rendered":"REACTIVOS PARA CLORO LIBRE (300 PRUEBAS) &#8211; MARCA: HANNA INSTRUMENTS &#8211; SERIE: HI93701-03"},"content":{"rendered":"<p>Los HI93701-01 son reactivos de alta calidad que se miden previamente, lo que permite a los usuarios obtener mediciones colorim\u00e9tricas r\u00e1pidas y precisas. Estos reactivos siguen el m\u00e9todo DPD en el que la reacci\u00f3n entre el cloro y el reactivo causa un color rosa en la muestra. La intensidad del color se determina mediante un fot\u00f3metro compatible. Los resultados mostrar\u00e1n la concentraci\u00f3n de cloro en mg \/ L (ppm). Estos reactivos est\u00e1n dise\u00f1ados para usarse con muestras que tengan un intervalo esperado de 0.00 a 5.00 mg \/ L de cloro libre.<\/p>\n","protected":false},"excerpt":{"rendered":"<p>Los HI93701-01 son reactivos para la determinaci\u00f3n colorim\u00e9trica de cloro libre. Contiene suficientes reactivos para 100 pruebas y son para usar con los fot\u00f3metros port\u00e1tiles y de mesa compatibles de Hanna. Estos reactivos de alta calidad se fabrican en nuestras instalaciones de vanguardia y est\u00e1n claramente marcados con el n\u00famero de lote y la fecha de vencimiento en cada paquete<span style=\"text-decoration: line-through;\">.<\/span><\/p>\n<ul>\n<li>Reactivos prefabricados para facilitar su uso<\/li>\n<li>Preparados con productos qu\u00edmicos de alta pureza<\/li>\n<li>Marcados con fecha de vencimiento y n\u00famero de lote<\/li>\n<\/ul>\n","protected":false},"featured_media":1329,"comment_status":"open","ping_status":"closed","template":"","meta":[],"product_cat":[36],"product_tag":[],"_links":{"self":[{"href":"https:\/\/presitec.pe\/index.php\/wp-json\/wp\/v2\/product\/1328"}],"collection":[{"href":"https:\/\/presitec.pe\/index.php\/wp-json\/wp\/v2\/product"}],"about":[{"href":"https:\/\/presitec.pe\/index.php\/wp-json\/wp\/v2\/types\/product"}],"replies":[{"embeddable":true,"href":"https:\/\/presitec.pe\/index.php\/wp-json\/wp\/v2\/comments?post=1328"}],"wp:featuredmedia":[{"embeddable":true,"href":"https:\/\/presitec.pe\/index.php\/wp-json\/wp\/v2\/media\/1329"}],"wp:attachment":[{"href":"https:\/\/presitec.pe\/index.php\/wp-json\/wp\/v2\/media?parent=1328"}],"wp:term":[{"taxonomy":"product_cat","embeddable":true,"href":"https:\/\/presitec.pe\/index.php\/wp-json\/wp\/v2\/product_cat?post=1328"},{"taxonomy":"product_tag","embeddable":true,"href":"https:\/\/presitec.pe\/index.php\/wp-json\/wp\/v2\/product_tag?post=1328"}],"curies":[{"name":"wp","href":"https:\/\/api.w.org\/{rel}","templated":true}]}}